{"id":3184,"date":"2026-08-25T08:54:07","date_gmt":"2026-08-25T08:54:07","guid":{"rendered":"https:\/\/torredellestelleaielli.it\/?post_type=tribe_events&#038;p=3184"},"modified":"2026-08-25T08:54:31","modified_gmt":"2026-08-25T08:54:31","slug":"eclissi-di-luna-serata-osservativa-e-divulgativa","status":"publish","type":"tribe_events","link":"https:\/\/torredellestelleaielli.it\/index.php\/event\/eclissi-di-luna-serata-osservativa-e-divulgativa\/","title":{"rendered":"Eclissi di Luna &#8211; Serata osservativa e divulgativa"},"content":{"rendered":"<p>All&#8217;alba del 28 agosto potremo assistere ad un evento sempre molto affascinante ed emozionante: un&#8217;eclissi di Luna. Non sar\u00e0 totale ma comunque spettacolare. L&#8217;attivit\u00e0 prevede una prima parte divulgativa, spiegheremo le eclissi e in particolare la geometria che interesser\u00e0 questa del 28 agosto 2026 per poi passare ad osservarla.<\/p>\n<p>Sar\u00e0 possibile portare apparati fotografici, consigliamo un treppiedi o almeno un supporto, ma si potranno utilizzare anche gli strumenti dell&#8217;osservatorio.<\/p>\n<p>Evento consigliato per tutte le et\u00e0<\/p>\n<ul>\n<li>Biglietto intero: 15,00 \u20ac<\/li>\n<li>Ridotto da 6 a 16 anni: 5,00 \u20ac<\/li>\n<\/ul>\n<p><strong>Prenotazione obbligatoria con WhatsApp al 392.023.9904, indicando il numero di posti richiesti e un nominativo. Riceverete la conferma della disponibilit\u00e0.<\/strong><\/p>\n","protected":false},"excerpt":{"rendered":"<p>All&#8217;alba del 28 agosto potremo assistere ad un evento sempre molto affascinante ed emozionante: un&#8217;eclissi di Luna. Non sar\u00e0 totale ma comunque spettacolare. L&#8217;attivit\u00e0 prevede una prima parte divulgativa, spiegheremo&hellip; <br \/> <a class=\"button small blue\" href=\"https:\/\/torredellestelleaielli.it\/index.php\/event\/eclissi-di-luna-serata-osservativa-e-divulgativa\/\">Leggi tutto<\/a><\/p>\n","protected":false},"author":1,"featured_media":0,"template":"","meta":{"_price":"","_stock":"","_tribe_ticket_header":"","_tribe_default_ticket_provider":"","_tribe_ticket_capacity":"0","_ticket_start_date":"","_ticket_end_date":"","_tribe_ticket_show_description":"","_tribe_ticket_show_not_going":false,"_tribe_ticket_use_global_stock":"","_tribe_ticket_global_stock_level":"","_global_stock_mode":"","_global_stock_cap":"","_tribe_rsvp_for_event":"","_tribe_ticket_going_count":"","_tribe_ticket_not_going_count":"","_tribe_tickets_list":"[]","_tribe_ticket_has_attendee_info_fields":false,"_tribe_events_status":"","_tribe_events_status_reason":"","footnotes":"","_tec_slr_enabled":"","_tec_slr_layout":""},"tags":[],"tribe_events_cat":[79],"class_list":["post-3184","tribe_events","type-tribe_events","status-publish","hentry","tribe_events_cat-evento-speciale","cat_evento-speciale"],"ticketed":false,"_links":{"self":[{"href":"https:\/\/torredellestelleaielli.it\/index.php\/wp-json\/wp\/v2\/tribe_events\/3184","targetHints":{"allow":["GET"]}}],"collection":[{"href":"https:\/\/torredellestelleaielli.it\/index.php\/wp-json\/wp\/v2\/tribe_events"}],"about":[{"href":"https:\/\/torredellestelleaielli.it\/index.php\/wp-json\/wp\/v2\/types\/tribe_events"}],"author":[{"embeddable":true,"href":"https:\/\/torredellestelleaielli.it\/index.php\/wp-json\/wp\/v2\/users\/1"}],"version-history":[{"count":1,"href":"https:\/\/torredellestelleaielli.it\/index.php\/wp-json\/wp\/v2\/tribe_events\/3184\/revisions"}],"predecessor-version":[{"id":3185,"href":"https:\/\/torredellestelleaielli.it\/index.php\/wp-json\/wp\/v2\/tribe_events\/3184\/revisions\/3185"}],"wp:attachment":[{"href":"https:\/\/torredellestelleaielli.it\/index.php\/wp-json\/wp\/v2\/media?parent=3184"}],"wp:term":[{"taxonomy":"post_tag","embeddable":true,"href":"https:\/\/torredellestelleaielli.it\/index.php\/wp-json\/wp\/v2\/tags?post=3184"},{"taxonomy":"tribe_events_cat","embeddable":true,"href":"https:\/\/torredellestelleaielli.it\/index.php\/wp-json\/wp\/v2\/tribe_events_cat?post=3184"}],"curies":[{"name":"wp","href":"https:\/\/api.w.org\/{rel}","templated":true}]}}

<p>All&#8217;alba del 28 agosto potremo assistere ad un evento sempre molto affascinante ed emozionante: un&#8217;eclissi di Luna. Non sarà totale ma comunque spettacolare. L&#8217;attività prevede una prima parte divulgativa, spiegheremo le eclissi e in particolare la geometria che interesserà questa del 28 agosto 2026 per poi passare ad osservarla.</p>
<p>Sarà possibile portare apparati fotografici, consigliamo un treppiedi o almeno un supporto, ma si potranno utilizzare anche gli strumenti dell&#8217;osservatorio.</p>
<p>Evento consigliato per tutte le età</p>
<ul>
<li>Biglietto intero: 15,00 €</li>
<li>Ridotto da 6 a 16 anni: 5,00 €</li>
</ul>
<p><strong>Prenotazione obbligatoria con WhatsApp al 392.023.9904, indicando il numero di posti richiesti e un nominativo. Riceverete la conferma della disponibilità.</strong></p>

<p>All&#8217;alba del 28 agosto potremo assistere ad un evento sempre molto affascinante ed emozionante: un&#8217;eclissi di Luna. Non sarà totale ma comunque spettacolare. L&#8217;attività prevede una prima parte divulgativa, spiegheremo&hellip; <br /> <a class="button small blue" href="https://torredellestelleaielli.it/index.php/event/eclissi-di-luna-serata-osservativa-e-divulgativa/">Leggi tutto</a></p>
